{"id":39,"date":"2018-08-08T01:13:13","date_gmt":"2018-08-08T01:13:13","guid":{"rendered":"https:\/\/grupobye.com\/web10\/?page_id=39"},"modified":"2022-09-04T00:27:19","modified_gmt":"2022-09-04T00:27:19","slug":"quienes-somos","status":"publish","type":"page","link":"https:\/\/grupobye.com\/web10\/quienes-somos\/","title":{"rendered":"QUIENES SOMOS"},"content":{"rendered":"<p><img loading=\"lazy\" class=\"alignnone size-full wp-image-248\" src=\"https:\/\/grupobye.com\/web10\/wp-content\/uploads\/2018\/08\/QUIENES-SOMOS.jpg\" alt=\"\" width=\"930\" height=\"300\" srcset=\"https:\/\/grupobye.com\/web10\/wp-content\/uploads\/2018\/08\/QUIENES-SOMOS.jpg 930w, https:\/\/grupobye.com\/web10\/wp-content\/uploads\/2018\/08\/QUIENES-SOMOS-300x97.jpg 300w, https:\/\/grupobye.com\/web10\/wp-content\/uploads\/2018\/08\/QUIENES-SOMOS-768x248.jpg 768w\" sizes=\"(max-width: 930px) 100vw, 930px\" \/><\/p>\n<p><span style=\"font-family: 'Book Antiqua', Palatino;\">GRUPO B&amp;E nace como consecuencia de las necesidades de servicios esenciales, confiables, sobre todo profesionales que existen en nuestro pa\u00eds, en el \u00e1rea de:<\/span><\/p>\n<ol>\n<li style=\"text-align: justify;\"><span style=\"font-family: Terminal, Monaco; color: #000000;\"><span style=\"font-family: 'Book Antiqua', Palatino;\">Asesor\u00edas\u00a0y <\/span><span style=\"font-family: 'Book Antiqua', Palatino;\">consultas<\/span>.<\/span><\/li>\n<li style=\"text-align: justify;\"><span style=\"font-family: 'Book Antiqua', Palatino; color: #000000;\">Investigaciones financieras.<\/span><\/li>\n<li style=\"text-align: justify;\"><span style=\"font-family: 'Book Antiqua', Palatino; color: #000000;\">Recuperaciones crediticias a todo nivel.<\/span><\/li>\n<li style=\"text-align: justify;\"><span style=\"font-family: 'Book Antiqua', Palatino; color: #000000;\">Servicios profesionales en erradicaci\u00f3n\u00a0de plagas.<\/span><\/li>\n<li style=\"text-align: justify;\"><span style=\"font-family: 'Book Antiqua', Palatino; color: #000000;\">Servicios inmobiliarios.<\/span><\/li>\n<\/ol>\n<h4><\/h4>\n","protected":false},"excerpt":{"rendered":"<p>GRUPO B&amp;E nace como consecuencia de las necesidades de servicios esenciales, confiables, sobre todo profesionales que existen en nuestro pa\u00eds, en el \u00e1rea de: Asesor\u00edas\u00a0y consultas. Investigaciones financieras. Recuperaciones crediticias a todo nivel. Servicios profesionales en erradicaci\u00f3n\u00a0de plagas. Servicios inmobiliarios.<\/p>\n","protected":false},"author":1,"featured_media":0,"parent":0,"menu_order":1,"comment_status":"closed","ping_status":"closed","template":"","meta":[],"_links":{"self":[{"href":"https:\/\/grupobye.com\/web10\/wp-json\/wp\/v2\/pages\/39"}],"collection":[{"href":"https:\/\/grupobye.com\/web10\/wp-json\/wp\/v2\/pages"}],"about":[{"href":"https:\/\/grupobye.com\/web10\/wp-json\/wp\/v2\/types\/page"}],"author":[{"embeddable":true,"href":"https:\/\/grupobye.com\/web10\/wp-json\/wp\/v2\/users\/1"}],"replies":[{"embeddable":true,"href":"https:\/\/grupobye.com\/web10\/wp-json\/wp\/v2\/comments?post=39"}],"version-history":[{"count":55,"href":"https:\/\/grupobye.com\/web10\/wp-json\/wp\/v2\/pages\/39\/revisions"}],"predecessor-version":[{"id":1104,"href":"https:\/\/grupobye.com\/web10\/wp-json\/wp\/v2\/pages\/39\/revisions\/1104"}],"wp:attachment":[{"href":"https:\/\/grupobye.com\/web10\/wp-json\/wp\/v2\/media?parent=39"}],"curies":[{"name":"wp","href":"https:\/\/api.w.org\/{rel}","templated":true}]}}