{"id":503,"date":"2018-08-28T16:42:46","date_gmt":"2018-08-28T16:42:46","guid":{"rendered":"https:\/\/grupobye.com\/web10\/?page_id=503"},"modified":"2022-09-09T03:18:04","modified_gmt":"2022-09-09T03:18:04","slug":"coservi","status":"publish","type":"page","link":"https:\/\/grupobye.com\/web10\/nuestra-empresas\/coservi\/","title":{"rendered":"COSERVI"},"content":{"rendered":"<p style=\"text-align: justify;\"><img loading=\"lazy\" class=\"wp-image-683 aligncenter\" src=\"https:\/\/grupobye.com\/web10\/wp-content\/uploads\/2018\/08\/LOGO-COSERVI-3-1024x385.jpg\" alt=\"\" width=\"477\" height=\"184\" \/><\/p>\n<p style=\"text-align: justify;\"><span style=\"font-family: 'Book Antiqua', Palatino;\">Consciente de la alta morosidad que existe hoy en d\u00eda en muchas empresas p\u00fablicas, privadas, sociedades an\u00f3nimas, etc. <\/span><\/p>\n<p style=\"text-align: justify;\"><span style=\"font-family: 'Book Antiqua', Palatino;\">Nos <span style=\"color: #000000;\">proponemos<\/span> ser los mejores aliados de su empresa, en el <span style=\"font-family: Book Antiqua, Palatino;\">\u00e1rea<\/span> de recuperaci\u00f3n de todo tipo de cartera morosa. Estos aspectos son de suma importancia, por lo que la apertura de nuestros servicios permitir\u00e1 recobrar la efectividad esperada para estos instrumentos tan importantes para su empresa y reducir as\u00ed los rubros de morosidad.<\/span><\/p>\n<p style=\"text-align: justify;\"><span style=\"font-family: 'Book Antiqua', Palatino;\">Por otro lado en la mayor\u00eda de cr\u00e9ditos: Hipotecarios, Prendarios, Corporativos, Vehiculares, Fiduciarios. <\/span><span style=\"font-family: 'Book Antiqua', Palatino;\">Debemos tomar en cuenta que, por ser cr\u00e9ditos de alto riesgo tanto los clientes, empresas o corporaciones no est\u00e1n educadas para tener un comportamiento id\u00f3neo en los mismos; <span style=\"font-family: Book Antiqua, Palatino;\">adem\u00e1s<\/span>, en algunos casos son clientes que en su mayor\u00eda viven o tienen negocios en \u00e1reas marginales de la ciudad y los departamentos\u00a0 y\/o alquilan (Locales comerciales, casa, etc.) o se convierten en ilocalizables, por lo que al no darles el debido seguimiento dejan de cumplir con sus obligaciones, lo cual impacta en la cartera de cobranzas y altera los rubros de mora.<\/span><\/p>\n","protected":false},"excerpt":{"rendered":"<p>Consciente de la alta morosidad que existe hoy en d\u00eda en muchas empresas p\u00fablicas, privadas, sociedades an\u00f3nimas, etc. Nos proponemos ser los mejores aliados de su empresa, en el \u00e1rea de recuperaci\u00f3n de todo tipo de cartera morosa. Estos aspectos son de suma importancia, por lo que la apertura de nuestros servicios permitir\u00e1 recobrar la [&hellip;]<\/p>\n","protected":false},"author":1,"featured_media":0,"parent":379,"menu_order":2,"comment_status":"closed","ping_status":"closed","template":"","meta":[],"_links":{"self":[{"href":"https:\/\/grupobye.com\/web10\/wp-json\/wp\/v2\/pages\/503"}],"collection":[{"href":"https:\/\/grupobye.com\/web10\/wp-json\/wp\/v2\/pages"}],"about":[{"href":"https:\/\/grupobye.com\/web10\/wp-json\/wp\/v2\/types\/page"}],"author":[{"embeddable":true,"href":"https:\/\/grupobye.com\/web10\/wp-json\/wp\/v2\/users\/1"}],"replies":[{"embeddable":true,"href":"https:\/\/grupobye.com\/web10\/wp-json\/wp\/v2\/comments?post=503"}],"version-history":[{"count":20,"href":"https:\/\/grupobye.com\/web10\/wp-json\/wp\/v2\/pages\/503\/revisions"}],"predecessor-version":[{"id":1150,"href":"https:\/\/grupobye.com\/web10\/wp-json\/wp\/v2\/pages\/503\/revisions\/1150"}],"up":[{"embeddable":true,"href":"https:\/\/grupobye.com\/web10\/wp-json\/wp\/v2\/pages\/379"}],"wp:attachment":[{"href":"https:\/\/grupobye.com\/web10\/wp-json\/wp\/v2\/media?parent=503"}],"curies":[{"name":"wp","href":"https:\/\/api.w.org\/{rel}","templated":true}]}}